he prime factors of b.
11
Let f(q) = 3*q**3 + 4*q**2 + 12*q + 14. Let b(z) = 5*z**3 + 9*z**2 + 23*z + 28. Let t(o) = 4*b(o) - 7*f(o). List the prime factors of t(8).
2, 3, 13
Suppose -1723 - 2085 = -16*i. What are the prime factors of i?
2, 7, 17
Suppose 7*n + n - 3*n = 0. Suppose n*o + 14 = 2*o. What are the prime factors of o?
7
Suppose -29 = -h + 12. Let x(g) = -3*g + 10. Let t be x(-4). Let c = h - t. List the prime factors of c.
19
Suppose 2*c - 2*r - 8162 = 0, 5*r = 4*c - 12285 - 4039. What are the prime factors of c?
7, 11, 53
Let y = 1 - -4. Suppose f + 32 = y*f. What are the prime factors of ((-6)/(-12))/(2/f)?
2
Let s = -631 + 751. What are the prime factors of s?
2, 3, 5
Let f(y) = -y + 11. Let l be f(11). Suppose -z + 7 = -2*k, k + l*k = -4*z + 73. What are the prime factors of z?
17
What are the prime factors of ((-2)/(-10))/(5/6425)?
257
Suppose -3*i - 1720 = -4*k, 5*i + 3*k + 2859 = 2*k. List the prime factors of 6/2*i/(-39).
2, 11
Let z(q) = -q**3 - 12*q**2 + q + 15. Let o be z(-12). Suppose -2*n = o*n. Suppose 7*w - 18 - 10 = n. What are the prime factors of w?
2
Let j = -10 + 44. Suppose 0 = -w - 2, -3*a - 5*w + j = -4*w. Suppose -a*b + 15*b - 108 = 0. What are the prime factors of b?
2, 3
Suppose b + 600 = 2*x - 3*b, 3*x + 4*b = 880. Suppose o = -3*o - 5*k + 296, -5*k - x = -4*o. What are the prime factors of o?
2, 37
Let d be 21/6 + 4/((-8)/(-1)). Suppose -592 = -5*o + d*f - 0*f, -5*o - 2*f = -604. What are the prime factors of o?
2, 3, 5
Let m(w) = 4*w**3 + 4*w**2 - 3*w - 9. List the prime factors of m(4).
13, 23
Suppose -57 = -j + 363. Suppose -3*n = -7*n + j. List the prime factors of n.
3, 5, 7
Let q be -6*(-2 + 0 + 0). Suppose 3*f - 16 = 5*f. Let g = q - f. List the prime factors of g.
2, 5
Let x = 1048 + -257. What are the prime factors of x?
7, 113
Let d(n) = n**3 + 34*n**2 + 50*n + 87. List the prime factors of d(-25).
2, 23, 97
Let w(z) = z**3 - 4*z**2 + 4*z - 3. Let k be w(3). List the prime factors of (55 - k) + -5 + 1.
3, 17
Let p = 747 + 725. What are the prime factors of p?
2, 23
Suppose 0 = 49*c - 49589 - 8476. What are the prime factors of c?
3, 5, 79
Suppose 0 = 2*m - 4246 + 362. What are the prime factors of m?
2, 971
Suppose -156*v = -150*v - 8610. What are the prime factors of v?
5, 7, 41
What are the prime factors of (-3683)/(-9) + 26/(-117) + 3?
2, 103
Let z be 1026/15*1*5/2. Suppose -h - 375 = -4*m + 2*h, 3*m = 2*h + 281. Let v = z - m. What are the prime factors of v?
2, 3, 13
Let x(s) be the second derivative of 2*s**3/3 + 17*s**2 + 16*s. What are the prime factors of x(0)?
2, 17
Let z(n) = -n**2 + 11*n + 59. Let l(y) = -y**2 + 11*y + 59. Let w(d) = 4*l(d) - 5*z(d). List the prime factors of w(18).
67
Let i = -486 - -801. Suppose -6*y + i = -y + 5*k, -3*y - 2*k + 191 = 0. What are the prime factors of y?
5, 13
Suppose 4*x = 4*q - 2256, -30*x + 26*x = 3*q - 1720. List the prime factors of q.
2, 71
Let w = -483 - -1033. What are the prime factors of w?
2, 5, 11
What are the prime factors of 10294/12 + (-16 + 6)/(-60)?
2, 3, 11, 13
Let p = 1834 - 471. List the prime factors of p.
29, 47
Let u = 1091 + -550. List the prime factors of u.
541
Let f(y) = 9*y - 14. Let p be f(2). Suppose -d - 4*d - 134 = -p*i, -3*d = i - 42. List the prime factors of i.
2, 3
Let z(a) be the third derivative of -a**5/60 - 5*a**4/24 - a**3/3 + 6*a**2. Let l be z(-4). What are the prime factors of 1/l*26 + -3?
2, 5
Suppose 6*h - 35 = h. Let n = 10 - h. Suppose 5*i + 73 = n*b, 4*b - 2*b - 48 = 3*i. List the prime factors of b.
3, 7
Let v = -1210 + 1980. What are the prime factors of v?
2, 5, 7, 11
Let k(p) = 17*p**2 + 2. Let c be k(3). Suppose -1 + 6 = u, -2*u - c = -h. What are the prime factors of h?
3, 5, 11
What are the prime factors of (-6)/(-4) - 29551/(-58)?
7, 73
Let v(p) be the second derivative of 5*p**3/6 + 8*p**2 - 9*p. What are the prime factors of v(11)?
71
Suppose 0*n = v - 3*n - 86, 3*n = 3. List the prime factors of v.
89
Let l = 0 + -2. Suppose 4*p + 4*c - 32 + 8 = 0, -p = 4*c - 12. List the prime factors of 68 + l + p + -4.
2, 3, 11
Let i be (-2 + (-15)/(-6))*4. Let z = 186 + -106. Suppose z = 3*t + i*t. What are the prime factors of t?
2
Let c(f) = -f**3 + 25*f**2 + 13*f + 72. What are the prime factors of c(25)?
397
Suppose 192*y = 213*y - 15372. List the prime factors of y.
2, 3, 61
Let u(n) = -47*n + 470. What are the prime factors of u(-19)?
29, 47
Let d(b) = -961*b + 286. List the prime factors of d(-3).
3169
Let y(m) = -390*m - 6. Let p be y(-4). Let h be 2/8 - p/(-56). Suppose -5 = -o + h. List the prime factors of o.
3, 11
Suppose -2*o - 4*b + 5220 = 0, -37*b = -2*o - 33*b + 5180. List the prime factors of o.
2, 5, 13
Suppose 3*s - 677 = -h + 418, -5*s = 0. What are the prime factors of h?
3, 5, 73
List the prime factors of (24*110/75)/((-1)/(-30)).
2, 3, 11
Suppose 298 = 2*c - 5*f, 3*c + 4*f - 5*f = 447. Suppose c = 3*i + 2. What are the prime factors of i?
7
Let y(p) = 66*p**2 - 3*p - 4. What are the prime factors of y(-3)?
599
Let z(d) = 2*d + 1. Let g be (24/(-9) - -2) + 336/18. What are the prime factors of z(g)?
37
Let n = -6 - -5. Let y be 282 + (n + 1 - -4). Suppose 6*z + 28 = y. What are the prime factors of z?
43
Let r be (-2 - -3) + 1 - 3. What are the prime factors of (-266 - 18)*r/2?
2, 71
Suppose 0 = -4*n + 4*j + 8, -2*n - 2 = j. Suppose 3*r + 23 = 2*a, r = a - 12 + 2. Suppose 2*c - a - 7 = n. What are the prime factors of c?
7
Let q(a) = -a - 3. Let l be q(-13). Let h = 68 - 46. Let y = l + h. What are the prime factors of y?
2
Let k = 2 - 0. Let j be (3 - 5 - 8) + k. Let s = 32 + j. What are the prime factors of s?
2, 3
Let w = -23 - -40. Let j = 20 - w. Suppose 2*v + 0*v - 10 = 0, 0 = j*m - 3*v - 27. What are the prime factors of m?
2, 7
Let b = 27 - 78. Let u = -34 - b. Suppose -u = -x + 20. List the prime factors of x.
37
Let d(m) = 7*m + 25. Let k be d(-3). What are the prime factors of (-7 + k)*(-3)/((-27)/(-402))?
2, 67
Suppose 3*j = 1474 + 983. List the prime factors of j.
3, 7, 13
Suppose 5*b - 49 = -4*h, b + 20 = 5*b. Suppose -5 = d - h*d. What are the prime factors of 393/12 + d/4?
3, 11
Let c be (-6)/(3 + (-1 - 1)). Let d(r) be the second derivative of -r**5/20 - r**4/2 - 5*r**3/6 - 9*r**2/2 - 36*r. What are the prime factors of d(c)?
3, 7
Let w = 2238 - 1325. List the prime factors of w.
11, 83
Let b = 396 + 100. What are the prime factors of b?
2, 31
Let g = -2823 + 4894. What are the prime factors of g?
19, 109
Suppose -x - 3*x = 88. Let u be 7/21 - x/6. Suppose 0 = 8*k + u - 44. What are the prime factors of k?
5
Let t = 4128 + -2112. What are the prime factors of t?
2, 3, 7
Suppose -8100 = -40*g + 34*g. What are the prime factors of g?
2, 3, 5
Let i(d) = -30*d - 48. List the prime factors of i(-9).
2, 3, 37
Let a be ((-3)/2)/((-2)/4). Suppose -5*f + 4*v + 183 = 0, -2*f + 147 = 2*f - a*v. Suppose -u - 3*y = y - 7, 0 = 3*u + 3*y - f. What are the prime factors of u?
3, 5
Suppose 5*o + 20 + 10 = 0. What are the prime factors of o/((-30)/265) - -1?
2, 3
Let f = -48 + 1517. What are the prime factors of f?
13, 113
Suppose 3*p - i - 3469 = -156, 4*i - 20 = 0. List the prime factors of p.
2, 7, 79
Let n(o) = 360*o - 338. List the prime factors of n(6).
2, 911
Suppose 14*x - 472 = 10*x. What are the prime factors of x?
2, 59
Suppose -2*a = 3*a - 15. Suppose -4*y - 10 = -2*t, y + 2 - 17 = -a*t. Suppose 13 = q - t. List the prime factors of q.
2, 3
Let a = 160 + -30. Suppose 4*g - a = 426. List the prime factors of g.
139
Suppose 24*o - 1646 = 48898. List the prime factors of o.
2, 3, 13
Suppose -3*h + 4*w - 111 = 0, 4*h + 117 = 5*w - 32. Let m = h - 47. Let d = 137 + m. List the prime factors of d.
7
Let p(w) = -w + 12. Let y be p(9). Let m be (14 - (y - -1))/2. Suppose -m*b + 14 = -341. What are the prime factors of b?
71
Suppose 0 = 3*j - v + 4 - 5, 0 = -j + 5*v + 19. Let k(u) = u**2 + 5*u - 15. Let p(h) = -h - 1. Let q(s) = j*k(s) + 5*p(s). List the prime factors of q(-10).
2, 5
Suppose 72 = 5*v - 4*v. Suppose 0 = -2*o - 48 - v. Let h = -42 - o. What are the prime factors of h?
2, 3
Let v(b) = -279*b - 349. List the prime factors of v(-5).
2, 523
Let j = 480 + -477. Suppose -5*i - 266 = -16. Let z = j - i. What are the prime factors of z?
53
Let a = -20 - -9. Let o = a 